79
What are the prime factors of 239416?
2, 29927
List the prime factors of 9156823.
13, 67, 10513
List the prime factors of 300932.
2, 23, 3271
What are the prime factors of 18836085?
3, 5, 17, 73867
What are the prime factors of 83159?
137, 607
What are the prime factors of 290560?
2, 5, 227
List the prime factors of 427759.
103, 4153
List the prime factors of 4575659.
11, 415969
List the prime factors of 27782775.
3, 5, 123479
List the prime factors of 1580169.
3, 23, 22901
List the prime factors of 23268.
2, 3, 7, 277
List the prime factors of 31135167.
3, 7, 19, 37
What are the prime factors of 953981?
7, 19469
What are the prime factors of 410927?
11, 37357
List the prime factors of 11894041.
67, 113, 1571
What are the prime factors of 4179939?
3, 1393313
List the prime factors of 192044.
2, 41, 1171
List the prime factors of 716765.
5, 7, 20479
List the prime factors of 166190.
2, 5, 16619
What are the prime factors of 9933949?
53, 187433
List the prime factors of 1621.
1621
What are the prime factors of 9771583?
17, 574799
What are the prime factors of 1133942?
2, 566971
What are the prime factors of 7439260?
2, 5, 19, 19577
What are the prime factors of 402304?
2, 7, 449
What are the prime factors of 374433?
3, 19, 6569
What are the prime factors of 4011975?
3, 5, 11, 1621
What are the prime factors of 7037915?
5, 17, 82799
What are the prime factors of 57439?
71, 809
List the prime factors of 4163353.
4163353
List the prime factors of 13888942.
2, 6944471
List the prime factors of 516075.
3, 5, 7, 983
What are the prime factors of 6612268?
2, 13, 101, 1259
What are the prime factors of 1973294?
2, 107, 9221
What are the prime factors of 3043599?
3, 13, 78041
What are the prime factors of 15393289?
61, 127, 1987
List the prime factors of 24576025.
5, 19, 31, 1669
List the prime factors of 471539.
471539
What are the prime factors of 5172574?
2, 11, 235117
List the prime factors of 16879128.
2, 3, 7, 31, 463
What are the prime factors of 384556?
2, 127, 757
What are the prime factors of 189095?
5, 59, 641
List the prime factors of 3873600.
2, 3, 5, 269
List the prime factors of 590931.
3, 11, 47, 127
What are the prime factors of 478026?
2, 3, 26557
What are the prime factors of 165924?
2, 3, 11, 419
List the prime factors of 193180.
2, 5, 13, 743
What are the prime factors of 209986?
2, 7, 53, 283
What are the prime factors of 14968928?
2, 13, 35983
List the prime factors of 3201358.
2, 47, 34057
What are the prime factors of 408622?
2, 204311
What are the prime factors of 3610352?
2, 47, 4801
What are the prime factors of 428249?
428249
List the prime factors of 12292538.
2, 41, 149909
List the prime factors of 211465.
5, 42293
List the prime factors of 86118.
2, 3, 31, 463
List the prime factors of 325262.
2, 7, 3319
List the prime factors of 126811.
211, 601
What are the prime factors of 8026?
2, 4013
List the prime factors of 779833.
433, 1801
What are the prime factors of 1344353?
29, 151, 307
List the prime factors of 14236038.
2, 3, 17, 46523
List the prime factors of 15091521.
3, 101, 49807
What are the prime factors of 28583856?
2, 3, 7, 4051
List the prime factors of 4574682.
2, 3, 7, 36307
List the prime factors of 1687340.
2, 5, 239, 353
What are the prime factors of 1400344?
2, 11, 15913
What are the prime factors of 3604816?
2, 17, 29, 457
What are the prime factors of 1078011?
3, 11, 10889
List the prime factors of 337255.
5, 37, 1823
What are the prime factors of 5135551?
1907, 2693
What are the prime factors of 30989102?
2, 727, 21313
List the prime factors of 1954319.
1954319
What are the prime factors of 951599?
11, 86509
List the prime factors of 16444497.
3, 5481499
List the prime factors of 113110.
2, 5, 11311
List the prime factors of 556941.
3, 7, 11, 2411
List the prime factors of 149688.
2, 3, 7, 11
What are the prime factors of 1535598?
2, 3, 9479
What are the prime factors of 3030729?
3, 13, 77711
What are the prime factors of 463688?
2, 149, 389
List the prime factors of 109589.
109589
List the prime factors of 112623.
3, 7, 31, 173
What are the prime factors of 8608351?
439, 19609
What are the prime factors of 862333?
233, 3701
List the prime factors of 19973941.
13, 118189
What are the prime factors of 5147049?
3, 1715683
List the prime factors of 3230776.
2, 431, 937
What are the prime factors of 4951134?
2, 3, 19, 31, 467
What are the prime factors of 1128255?
3, 5, 75217
List the prime factors of 187559.
187559
What are the prime factors of 1653375?
3, 5, 4409
What are the prime factors of 664698?
2, 3, 139, 797
What are the prime factors of 3167519?
3167519
What are the prime factors of 3756784?
2, 234799
List the prime factors of 2085537.
3, 73, 89, 107
List the prime factors of 557911.
23, 127, 191
What are the prime factors of 2095608?
2, 3, 87317
What are the prime factors of 1743620?
2, 5, 87181
List the prime factors of 20704352.
2, 647011
What are the prime factors of 67192?
2, 37, 227
List the prime factors of 3537691.
113, 31307
List the prime factors of 12012109.
12012109
List the prime factors of 1094102.
2, 199, 2749
What are the prime factors of 1278548?
2, 19, 16823
List the prime factors of 15726738.
2, 3, 109, 139, 173
List the prime factors of 404278.
2, 7, 67, 431
List the prime factors of 2052833.
61, 73, 461
What are the prime factors of 71888?
2, 4493
List the prime factors of 4958969.
127, 39047
List the prime factors of 269417.
419, 643
What are the prime factors of 19251042?
2, 3, 3208507
What are the prime factors of 15200687?
233, 65239
What are the prime factors of 331536?
2, 3, 6907
List the prime factors of 531021.
3, 177007
What are the prime factors of 4071084?
2, 3, 339257
List the prime factors of 11454901.
11454901
List the prime factors of 464154.
2, 3, 77359
What are the prime factors of 30265?
5, 6053
List the prime factors of 260634.
2, 3, 11, 359
What are the prime factors of 1367784?
2, 3, 11, 157
List the prime factors of 5164884.
2, 3, 19, 839
List the prime factors of 2848.
2, 89
What are the prime factors of 18748778?
2, 9374389
List the prime factors of 1148576.
2, 11, 13, 251
List the prime factors of 8043583.
23, 191, 1831
List the prime factors of 1413989.
167, 8467
List the prime factors of 8510823.
3, 945647
List the prime factors of 759576.
2, 3, 31649
What are the prime factors of 1947115?
5, 173, 2251
What are the prime factors of 4997762?
2, 7, 11, 17, 23, 83
What are the prime factors of 442933?
233, 1901
What are the prime factors of 15976687?
31, 515377
What are the prime factors of 832090?
2, 5, 7, 11887
What are the prime factors of 373602?
2, 3, 71, 877
List the prime factors of 569448.
2, 3, 11, 719
List the prime factors of 210146.
2, 179, 587
What are the prime factors of 873484?
2, 218371
List the prime factors of 3209401.
13, 29, 8513
List the prime factors of 2617108.
2, 13, 50329
List the prime factors of 182367.
3, 23, 881
What are the prime factors of 9247566?
2, 3, 19, 81119
List the prime factors of 173008.
2, 11, 983
What are the prime factors of 3205511?
359, 8929
List the prime factors of 6438653.
13, 523, 947
List the prime factors of 264700.
2, 5, 2647
List the prime factors of 103224.
2, 3, 11, 17, 23
List the prime factors of 2365641.
3, 31, 61, 139
What are the prime factors of 1119057?
3, 373019
List the prime factors of 62105.
5, 12421
What are the prime factors of 651817?
73, 8929
What are the prime factors of 299706?
2, 3, 11, 19, 239
List the prime factors of 325521.
3, 7, 5167
List the prime factors of 1655774.
2, 19, 43573
What are the prime factors of 105717?
3, 131, 269
List the prime factors of 2982708.
2, 3, 29, 2857
List the prime factors of 1687912.
2, 101, 2089
What are the prime factors of 262361?
11, 17, 23, 61
What are the prime factors of 674652?
2, 3, 11, 19, 269
What are the prime factors of 22808729?
101, 225829
What are the prime factors of 4028506?
2, 29, 69457
What are the prime factors of 494696?
2, 61837
List the prime factors of 75495.
3, 5, 7, 719
List the prime factors of 32667318.
2, 3, 1814851
List the prime factors of 68841.
3, 7649
What are the prime factors of 351471?
3, 79, 1483
List the prime factors of 6599268.
2, 3, 13, 59, 239
What are the prime factors of 1267016?
2, 109, 1453
L